{"id":32,"date":"2019-08-14T10:50:53","date_gmt":"2019-08-14T10:50:53","guid":{"rendered":"http:\/\/foerderverein-schullandheim-dobbrikow.eu\/?page_id=32"},"modified":"2019-11-08T01:48:05","modified_gmt":"2019-11-08T01:48:05","slug":"verein","status":"publish","type":"page","link":"http:\/\/foerderverein-schullandheim-dobbrikow.eu\/?page_id=32","title":{"rendered":"Verein"},"content":{"rendered":"<p>&nbsp;<\/p>\r\n\r\n<h2 class=\"wp-block-heading\" style=\"text-align: center;\"><img loading=\"lazy\" decoding=\"async\" class=\"alignnone wp-image-721 \" src=\"http:\/\/foerderverein-schullandheim-dobbrikow.eu\/wp-content\/uploads\/2019\/11\/schullandheim-300x300.jpg\" alt=\"\" width=\"290\" height=\"290\" srcset=\"http:\/\/foerderverein-schullandheim-dobbrikow.eu\/wp-content\/uploads\/2019\/11\/schullandheim-300x300.jpg 300w, http:\/\/foerderverein-schullandheim-dobbrikow.eu\/wp-content\/uploads\/2019\/11\/schullandheim-150x150.jpg 150w, http:\/\/foerderverein-schullandheim-dobbrikow.eu\/wp-content\/uploads\/2019\/11\/schullandheim-768x768.jpg 768w, http:\/\/foerderverein-schullandheim-dobbrikow.eu\/wp-content\/uploads\/2019\/11\/schullandheim-1024x1024.jpg 1024w, http:\/\/foerderverein-schullandheim-dobbrikow.eu\/wp-content\/uploads\/2019\/11\/schullandheim.jpg 2000w\" sizes=\"auto, (max-width: 290px) 100vw, 290px\" \/><br \/><br \/><br \/><\/h2>\r\n\r\n\r\n\r\n<h2 class=\"wp-block-heading\" style=\"text-align: center;\">F\u00f6rderverein Schullandheim Dobbrikow \u2013 \u201eKinder in der Natur\u201c<\/h2>\r\n\r\n\r\n\r\n<p style=\"text-align: center;\">Der F\u00f6rderverein Schullandheim Dobbrikow &#8222;Kinder in der Natur&#8220; e.V. wurde am 21. Mai 2012 gegr\u00fcndet. Er wird von einem f\u00fcnfk\u00f6pfigen Team geleitet, <br \/>das wir Ihnen hier kurz vorstellen:<\/p>\r\n<p>\r\n\r\n<\/p>\r\n<p style=\"text-align: center;\"><strong>Frank Knospe<\/strong> Vorsitzender <br \/><strong>Holger Jeserigk<\/strong> Stellvertreter <br \/><strong>Carsten Driefert<\/strong> Schatzmeister <br \/><strong>Susanne Jeserigk <\/strong><br \/><strong>Heidemarie K\u00f6ppen <\/strong><\/p>\r\n<p>\r\n\r\n<\/p>\r\n<p style=\"text-align: center;\">Als Kassenpr\u00fcferinnen wurden gew\u00e4hlt: <br \/><br \/><strong>Peggy Kieslich <br \/>Britta Schulze<\/strong><\/p>\r\n<p>\r\n\r\n<\/p>\r\n<p style=\"text-align: center;\">\u00a0<\/p>\r\n<p>\r\n\r\n<\/p>\r\n<h4 class=\"wp-block-heading\" style=\"text-align: center;\">F\u00f6rderverein Schullandheim Dobbrikow<br \/>Nettgendorfer Str. 15, 14947 Nuthe-Urstromtal<br \/>Telefon: 033732 50544<\/h4>\r\n<p>\r\n\r\n<\/p>\r\n<p style=\"text-align: center;\">Der F\u00f6rderverein wurde am 21.Mai 2012 als gemeinn\u00fctziger Verein gegr\u00fcndet. Der Verein sieht seine Aufgabe darin, das Schullandheim \u201eHaus am See\u201c als \u201eSchule im Gr\u00fcnen\u201c weiter zu etablieren und in dieser Nutzung zu erhalten.<\/p>\r\n<p>\r\n\r\n<\/p>\r\n<p style=\"text-align: center;\">Als au\u00dfergew\u00f6hnlicher Lern- und Erlebnisort erm\u00f6glicht er vor allem Grundsch\u00fclern die Natur auf vielf\u00e4ltige Weise zu erleben\u2026 Unter fachkundiger Anleitung und Begleitung wird \u00a0den Sch\u00fclern seitens des Teams des Schullandheims unsere Umwelt n\u00e4her gebracht. Bei verschiedenen praktischen T\u00e4tigkeiten vertiefen sich die schulischen Erkenntnisse. Daneben besteht viel Platz f\u00fcr Sport und Spiel.<\/p>\r\n<p>\r\n\r\n<\/p>\r\n<p style=\"text-align: center;\">Das Haus liegt direkt am Dobbrikower Vordersee und in einer waldreichen Gegend mit weiteren Seen. Der kristallklare Glieniksee mit dem Sandstrand auf dem Campingplatz l\u00e4dt zum fr\u00f6hlichen Baden und Spielen ein.<\/p>\r\n<p>\r\n\r\n<\/p>\r\n<p style=\"text-align: center;\">Das gro\u00dfe Freigel\u00e4nde umfasst\u00a0 ca. 5000 m\u00b2 und bietet viele M\u00f6glichkeiten zum entspannten Spielen und f\u00fcr sportliche Bet\u00e4tigungen. Tischtennisplatten, ein\u00a0 Bolzplatz mit zwei Toren, Spiel- und Kletterger\u00e4te, ein Trampolin und ein Grill- und Lagerfeuerplatz bieten Abwechslungsm\u00f6glichkeiten. Zwei Bootsstege mit mehreren Ruderbooten k\u00f6nnen ebenfalls unter Aufsicht genutzt werden.<\/p>\r\n<p>\r\n\r\n<\/p>\r\n<p style=\"text-align: center;\">Durch den Aufenthalt der Kinder im Schullandheim wird die naturnahe Erziehung weiterentwickelt und das gemeinschaftliche Erleben in der Natur gef\u00f6rdert.<\/p>\r\n<p>\r\n\r\n<\/p>\r\n<p style=\"text-align: center;\">Die Mitglieder des Vereins und die Handwerker vor Ort sind schnell einmal zur Stelle, wenn Unterst\u00fctzung ben\u00f6tigt wird.<\/p>\r\n<p>\r\n\r\n<\/p>\r\n<p style=\"text-align: center;\">M\u00f6chten auch Sie sich pers\u00f6nlich\u00a0 am Vereinsleben bet\u00e4tigen oder\u00a0 durch Ihre Mitgliedschaft den Verein finanziell unterst\u00fctzen, dann erfahren Sie nun, wie Sie Mitglied unseres F\u00f6rdervereins werden k\u00f6nnen.<\/p>\r\n<p>\r\n\r\n<\/p>\r\n<p style=\"text-align: center;\">Downloads:<\/p>\r\n<p>\r\n\r\n<\/p>\r\n<div class=\"wp-block-button aligncenter\"><a class=\"wp-block-button__link has-text-color has-very-light-gray-color has-background has-vivid-cyan-blue-background-color\" href=\"http:\/\/foerderverein-schullandheim-dobbrikow.eu\/wp-content\/uploads\/2019\/08\/Satzung-F\u00f6rderverein-1.-\u00c4nderung-20120726-2.pdf\">Vereinssatzung<\/a><\/div>\r\n<p>\r\n\r\n<\/p>\r\n<div class=\"wp-block-button aligncenter\"><a class=\"wp-block-button__link has-text-color has-very-light-gray-color has-background has-vivid-cyan-blue-background-color\" href=\"http:\/\/foerderverein-schullandheim-dobbrikow.eu\/wp-content\/uploads\/2019\/08\/erkl\u00e4rung-zur-Mitgliedschaft.docx\">Mitgliedsantrag<\/a><\/div>\r\n<p>\r\n\r\n<\/p>\r\n<div class=\"wp-block-button aligncenter\"><a class=\"wp-block-button__link has-text-color has-very-light-gray-color has-background has-vivid-cyan-blue-background-color\" href=\"http:\/\/foerderverein-schullandheim-dobbrikow.eu\/wp-content\/uploads\/2019\/11\/Beitragsordnung.pdf\">Beitragsordnung<\/a><\/div>\r\n<p>\r\n\r\n<\/p>\r\n<p>&nbsp;<\/p>\r\n<p><\/p>","protected":false},"excerpt":{"rendered":"<p>&nbsp; F\u00f6rderverein Schullandheim Dobbrikow \u2013 \u201eKinder in der Natur\u201c Der F\u00f6rderverein Schullandheim Dobbrikow &#8222;Kinder in der Natur&#8220; e.V. wurde am 21. Mai 2012 gegr\u00fcndet. Er&#8230;<\/p>\n<div class=\"more-link-wrapper\"><a class=\"more-link\" href=\"http:\/\/foerderverein-schullandheim-dobbrikow.eu\/?page_id=32\">Weiterlesen<span class=\"screen-reader-text\">Verein<\/span><\/a><\/div>\n","protected":false},"author":1,"featured_media":0,"parent":0,"menu_order":0,"comment_status":"closed","ping_status":"closed","template":"","meta":{"footnotes":""},"class_list":["post-32","page","type-page","status-publish","hentry","entry"],"_links":{"self":[{"href":"http:\/\/foerderverein-schullandheim-dobbrikow.eu\/index.php?rest_route=\/wp\/v2\/pages\/32","targetHints":{"allow":["GET"]}}],"collection":[{"href":"http:\/\/foerderverein-schullandheim-dobbrikow.eu\/index.php?rest_route=\/wp\/v2\/pages"}],"about":[{"href":"http:\/\/foerderverein-schullandheim-dobbrikow.eu\/index.php?rest_route=\/wp\/v2\/types\/page"}],"author":[{"embeddable":true,"href":"http:\/\/foerderverein-schullandheim-dobbrikow.eu\/index.php?rest_route=\/wp\/v2\/users\/1"}],"replies":[{"embeddable":true,"href":"http:\/\/foerderverein-schullandheim-dobbrikow.eu\/index.php?rest_route=%2Fwp%2Fv2%2Fcomments&post=32"}],"version-history":[{"count":41,"href":"http:\/\/foerderverein-schullandheim-dobbrikow.eu\/index.php?rest_route=\/wp\/v2\/pages\/32\/revisions"}],"predecessor-version":[{"id":727,"href":"http:\/\/foerderverein-schullandheim-dobbrikow.eu\/index.php?rest_route=\/wp\/v2\/pages\/32\/revisions\/727"}],"wp:attachment":[{"href":"http:\/\/foerderverein-schullandheim-dobbrikow.eu\/index.php?rest_route=%2Fwp%2Fv2%2Fmedia&parent=32"}],"curies":[{"name":"wp","href":"https:\/\/api.w.org\/{rel}","templated":true}]}}